4.
3
Calculate the remainder when 144041 is divided by 70605.
2831
What is the remainder when 4286357 is divided by 2639?
621
What is the remainder when 27271832 is divided by 12?
8
What is the remainder when 33565102 is divided by 1424?
1422
What is the remainder when 2732480 is divided by 95?
90
Calculate the remainder when 17417 is divided by 17198.
219
Calculate the remainder when 562291 is divided by 187425.
16
Calculate the remainder when 179467 is divided by 25458.
1261
Calculate the remainder when 4916957 is divided by 1669.
83
Calculate the remainder when 16264444 is divided by 479.
478
What is the remainder when 4243313 is divided by 1060826?
9
What is the remainder when 193453 is divided by 57?
52
Calculate the remainder when 4240 is divided by 778.
350
What is the remainder when 462792 is divided by 2788?
2772
What is the remainder when 102397226 is divided by 443?
434
Calculate the remainder when 63586 is divided by 92.
14
Calculate the remainder when 5647340 is divided by 121.
28
What is the remainder when 1596780 is divided by 6189?
18
Calculate the remainder when 20217 is divided by 605.
252
What is the remainder when 1287238 is divided by 429065?
43
What is the remainder when 3294561 is divided by 3017?
3014
Calculate the remainder when 433146 is divided by 1059.
15
What is the remainder when 3321820 is divided by 332182?
0
What is the remainder when 768651 is divided by 658?
107
What is the remainder when 365549 is divided by 3100?
2849
What is the remainder when 2603661 is divided by 867872?
45
What is the remainder when 29266 is divided by 1851?
1501
Calculate the remainder when 32677632 is divided by 2706.
2682
Calculate the remainder when 505386 is divided by 249684.
6018
Calculate the remainder when 59767330 is divided by 213.
169
What is the remainder when 373684 is divided by 67?
25
What is the remainder when 64835 is divided by 2779?
918
Calculate the remainder when 9359 is divided by 1268.
483
What is the remainder when 16511360 is divided by 12017?
2
Calculate the remainder when 256250718 is divided by 790.
788
What is the remainder when 1143724 is divided by 53?
37
Calculate the remainder when 25625050 is divided by 15.
10
Calculate the remainder when 20877058 is divided by 53394.
4
What is the remainder when 1125519 is divided by 1125442?
77
What is the remainder when 246737 is divided by 24?
17
Calculate the remainder when 1279233 is divided by 233.
63
What is the remainder when 100467 is divided by 2336?
19
Calculate the remainder when 113242 is divided by 567.
409
Calculate the remainder when 258456 is divided by 1625.
81
Calculate the remainder when 6846597433 is divided by 15.
13
Calculate the remainder when 100327 is divided by 12532.
71
Calculate the remainder when 9802646 is divided by 17.
4
What is the remainder when 1291689 is divided by 129?
12
Calculate the remainder when 117483 is divided by 58709.
65
Calculate the remainder when 10840 is divided by 265.
240
Calculate the remainder when 2315763 is divided by 289470.
3
Calculate the remainder when 7256073 is divided by 4332.
4305
What is the remainder when 13171 is divided by 10393?
2778
Calculate the remainder when 356727 is divided by 340.
67
What is the remainder when 1447221 is divided by 361795?
41
What is the remainder when 821863 is divided by 101?
26
Calculate the remainder when 6664512 is divided by 535.
17
Calculate the remainder when 413354900 is divided by 554.
542
Calculate the remainder when 313058 is divided by 16468.
166
Calculate the remainder when 540880 is divided by 506.
472
What is the remainder when 23416 is divided by 552?
232
What is the remainder when 103239 is divided by 25609?
803
What is the remainder when 156661 is divided by 74990?
6681
Calculate the remainder when 26142 is divided by 842.
40
Calculate the remainder when 25963 is divided by 22500.
3463
Calculate the remainder when 131356269 is divided by 78798.
3
What is the remainder when 3258584 is divided by 74058?
32
What is the remainder when 474051 is divided by 5577?
6
What is the remainder when 747 is divided by 634?
113
Calculate the remainder when 7954673 is divided by 91.
90
Calculate the remainder when 8721398 is divided by 234.
218
Calculate the remainder when 1461281 is divided by 28.
17
What is the remainder when 669199 is divided by 51476?
11
What is the remainder when 16506753 is divided by 31?
28
Calculate the remainder when 143512 is divided by 20452.
348
Calculate the remainder when 76921 is divided by 5970.
5281
What is the remainder when 305005 is divided by 572?
129
Calculate the remainder when 1370714 is divided by 413.
380
Calculate the remainder when 50964616 is divided by 16988197.
25
Calculate the remainder when 233872 is divided by 647.
305
What is the remainder when 228993 is divided by 57229?
77
Calculate the remainder when 7847010 is divided by 25.
10
Calculate the remainder when 11296099 is divided by 72878.
9
What is the remainder when 286216 is divided by 149?
136
What is the remainder when 7489002 is divided by 1572?
1566
What is the remainder when 481968 is divided by 205?
13
What is the remainder when 180277 is divided by 756?
349
Calculate the remainder when 478581 is divided by 2371.
2010
Calculate the remainder when 49396 is divided by 1258.
334
What is the remainder when 9104361 is divided by 6?
3
What is the remainder when 529036 is divided by 528808?
228
Calculate the remainder when 37959243 is divided by 12.
3
Calculate the remainder when 5945852 is divided by 5945823.
29
Calculate the remainder when 544392 is divided by 25899.
513
Calculate the remainder when 116846 is divided by 38805.
431
Calculate the remainder when 14452344 is divided by 2171.
2168
What is the remainder when 2172263 is divided by 1919?
1874
Calculate the remainder when 70199994 is divided by 49.
46
What is the remainder when 5471 is divided by 277?
208
Calculate the remainder when 18526115 is divided by 746.
697
What is the remainder when 208001 is divided by 17315?
221
What is the remainder when 1363353 is divided by 272669?
8
Calculate the remainder when 246683 is divided by 731.
336
Calculate the remainder when 3386760 is divided by 62.
10
Calculate the remainder when 10427790 is divided by 145.
115
What is the remainder when 610525 is divided by 235?
230
What is the remainder when 149948 is divided by 113?
110
What is the remainder when 17775459 is divided by 237?
222
Calculate the remainder when 2841000 is divided by 122.
108
What is the remainder when 6853 is divided by 574?
539
Calculate the remainder when 15816785 is divided by 2052.
2021
What is the remainder when 27681 is divided by 7971?
3768
Calculate the remainder when 1156299 is divided by 578142.
15
Calculate the remainder when 1047810 is divided by 133.
36
What is the remainder when 71216 is divided by 5460?
236
Calculate the remainder when 509383 is divided by 65.
43
What is the remainder when 13144797 is divided by 200?
197
Calculate the remainder when 967586 is divided by 799.
796
Calculate the remainder when 1322136 is divided by 220267.
534
What is the remainder when 120823 is divided by 1729?
1522
What is the remainder when 691832 is divided by 345657?
518
What is the remainder when 394037 is divided by 15027?
3335
Calculate the remainder when 18355389 is divided by 1001.
52
What is the remainder when 97731 is divided by 8126?
219
Calculate the remainder when 229789 is divided by 1947.
43
What is the remainder when 1609129 is divided by 13522?
11
Calculate the remainder when 101118 is divided by 62.
58
Calculate the remainder when 441588 is divided by 142.
110
Calculate the remainder when 17012180 is divided by 372.
248
What is the remainder when 20702716 is divided by 89?
70
Calculate the remainder when 79157 is divided by 19462.
1309
Calculate the remainder when 1026425 is divided by 101.
63
Calculate the remainder when 3317654 is divided by 142.
108
Calculate the remainder when 81270 is divided by 81199.
71
Calculate the remainder when 28451083 is divided by 19487.
63
Calculate the remainder when 95652 is divided by 31877.
21
What is the remainder when 107756897 is divided by 1078?
17
Calculate the remainder when 16895773 is divided by 1393.
76
Calculate the remainder when 2108